e
Is 243918379 composite?
True
Is 3533838961 composite?
True
Is 136871157 composite?
True
Is 20039844871 a prime number?
True
Is 2589006701 composite?
False
Is 1132614697 a composite number?
True
Is 153274006181 a prime number?
True
Is 1502737391 a composite number?
False
Is 29652334067 a prime number?
False
Is 64780847 a composite number?
False
Is 8113016551 a prime number?
True
Is 3917617621 prime?
True
Is 1001166671 a composite number?
True
Is 85754312179 composite?
False
Is 7658838133 a composite number?
False
Is 1718119577 composite?
False
Is 15971821513 a prime number?
False
Is 2758545689 composite?
True
Is 426353677 a prime number?
False
Is 84187796491 prime?
False
Is 1318416943 composite?
False
Is 272992969253 composite?
True
Is 9997512797 prime?
False
Is 325084477 composite?
True
Is 11724959 a composite number?
True
Is 120323331698 prime?
False
Is 37277774537 a composite number?
False
Is 1077710159 a prime number?
False
Is 1304913361 a composite number?
False
Is 387066971 composite?
True
Is 1226310947 a prime number?
True
Is 49535671 composite?
True
Is 1251628483 composite?
True
Is 17955714079 composite?
False
Is 2472692477 prime?
True
Is 584572799 prime?
True
Is 1642137163 composite?
True
Is 14837904253 prime?
True
Is 4077183493 a composite number?
False
Is 169819847765 composite?
True
Is 5250519871 a composite number?
False
Is 132447947 a composite number?
True
Is 52826927893 a composite number?
False
Is 11185794091 prime?
True
Is 1300180741 composite?
False
Is 2827069393 a prime number?
False
Is 274586956393 a prime number?
True
Is 1161582197 composite?
True
Is 10067061967 a composite number?
False
Is 5213205659 a composite number?
True
Is 26817863185 a composite number?
True
Is 111489041 prime?
False
Is 5508210503 a prime number?
True
Is 266674061 a composite number?
False
Is 6557071421 a composite number?
True
Is 9457299013 prime?
True
Is 3429479546 a prime number?
False
Is 869048227 composite?
False
Is 24565361543 a prime number?
True
Is 785236429 a prime number?
False
Is 1462526123 composite?
True
Is 1293576707 prime?
True
Is 27014938453 composite?
True
Is 610754479 a composite number?
False
Is 10574942173 prime?
True
Is 443351751581 prime?
True
Is 937736729 prime?
True
Is 5925870749 a composite number?
False
Is 36634365787 prime?
False
Is 2990195191 composite?
True
Is 3642929519 a composite number?
False
Is 2716897031 a prime number?
False
Is 12079369039 composite?
False
Is 6372098961 a composite number?
True
Is 4067094893 a composite number?
False
Is 845216059 a prime number?
False
Is 1346285627 a prime number?
True
Is 142993942393 a prime number?
True
Is 2617675009 composite?
True
Is 418460681 composite?
False
Is 3638647039 prime?
True
Is 89212183 composite?
False
Is 576020749 a prime number?
True
Is 7269037307 prime?
False
Is 72075477001 composite?
True
Is 5020393309 composite?
True
Is 1176814907 a composite number?
False
Is 1010319929 a prime number?
False
Is 1096633709 prime?
False
Is 23793509809 a composite number?
False
Is 426371041 a prime number?
True
Is 19808476267 a composite number?
False
Is 2260013654 prime?
False
Is 23633237359 composite?
True
Is 14742291023 composite?
False
Is 5846717477 composite?
True
Is 41593217303 a composite number?
True
Is 726383687 prime?
True
Is 325014152477 a prime number?
False
Is 4448738219 a composite number?
True
Is 1664504419 prime?
True
Is 85944893519 a prime number?
True
Is 11059341861 prime?
False
Is 21475930573 a prime number?
True
Is 28911979821 composite?
True
Is 201430443 prime?
False
Is 1454243621 prime?
True
Is 1754463899 prime?
True
Is 47893691 prime?
True
Is 43240579 prime?
False
Is 2765303407 a composite number?
False
Is 54671649623 prime?
False
Is 2717407397 a composite number?
False
Is 44892651113 prime?
False
Is 34706041 a composite number?
False
Is 30441517073 a composite number?
True
Is 52991221 a prime number?
True
Is 24120252679 prime?
False
Is 24064362659 a composite number?
True
Is 28408608359 composite?
False
Is 20316962891 prime?
True
Is 100496101 prime?
True
Is 9291883031 a composite number?
True
Is 1199095201 a prime number?
True
Is 1287799581 a prime number?
False
Is 726789293 prime?
True
Is 2395130389 a prime number?
False
Is 1314906547 prime?
True
Is 23378801 prime?
True
Is 1625625667 prime?
True
Is 114385879 composite?
False
Is 525300221 a prime number?
False
Is 17336063 a prime number?
True
Is 131126828831 a prime number?
False
Is 6572836311 a prime number?
False
Is 1666680401 composite?
True
Is 2888618567 a prime number?
False
Is 628439477 a prime number?
True
Is 7658122991 a prime number?
False
Is 11625609821 prime?
False
Is 41237801207 prime?
True
Is 1166781359 a prime number?
False
Is 19088254781 prime?
False
Is 39533480209 a composite number?
False
Is 14348246281 composite?
False
Is 37886785851 prime?
False
Is 9722724787 a composite number?
False
Is 25812852101 a prime number?
True
Is 521963161 prime?
True
Is 87288498739 prime?
False
Is 1616347207 composite?
True
Is 36044167 composite?
False
Is 23142235843 composite?
False
Is 431537597 prime?
False
Is 1561959791 composite?
True
Is 119487706763 a prime number?
False
Is 820850021 prime?
True
Is 6645319427 composite?
False
Is 2515128023 prime?
False
Is 6119836399 a prime number?
True
Is 28762207 a composite number?
False
Is 45795490883 composite?
False
Is 14956318487 a composite number?
True
Is 947795947 a composite number?
True
Is 45121523507 prime?
True
Is 1454269543 composite?
False
Is 18144610637 a composite number?
True
Is 10465178942 composite?
True
Is 25658734691 prime?
True
Is 3977377969 prime?
False
Is 47065676951 a composite number?
True
Is 151625729 a prime number?
False
Is 3974640517 a composite number?
False
Is 4928163061 a composite number?
False
Is 10121228773 a composite number?
False
Is 26201414261 composite?
True
Is 809478797 a composite number?
False
Is 84704184899 a composite number?
False
Is 92794907 composite?
False
Is 9500084735 prime?
False
Is 1450833047 a prime number?
False
Is 2432456899 prime?
False
Is 149380247 a prime number?
False
Is 73408592801 prime?
True
Is 125391121 a prime number?
False
Is 356650027 a prime number?
True
Is 3537527183 a composite number?
False
Is 24899605103 a prime number?
True
Is 295742837 composite?
True
Is 4788875783 prime?
True
Is 43534157 a prime number?
False
Is 24684999127 a composite number?
True
Is 5082294563 a composite number?
False
Is 4212085157 a composite number?
True
Is 242929987 a prime number?
True
Is 850803697 a prime number?
False
Is 1848967927 a composite number?
False
Is 214519587889 a composite number?
False
Is 76103897 a composite number?
True
Is 130934161 a composite number?
False
Is 401031757 composite?
True
Is 5181680447 prime?
False
Is 957951299 prime?
True
Is 961198471 composite?
False
Is 13394921759 composite?
False
Is 201519259 prime?
False
Is 81725719073 a prime number?
False
Is 26142571469 a prime number?
False
Is 18119530699 a composite number?
True
Is 648333253 a prime number?
False
Is 27690830639 prime?
True
Is 4832019739 a composite number?
True
Is 7206825767 a composite number?
False
Is 75369829459 prime?
True
Is 598203289 a composite number?
False
Is 10669466659 composite?
False
Is 690875147 prime?
True
Is 2925274271 composite?
True
Is 12852914779 composite?
False
Is 19303871627 a composite number?
False
Is 7630912877 a prime number?
False
Is 1442109163 composite?
True
Is 444354231 composite?
True
Is 59611373971 prime?
True
Is 738166573 a composite number?
False
Is 31632386593 a composite number?
True
Is 2062413889 composite?
False
Is 892527122 a composite number?
True
Is 2245214783 a prime number?
False
Is 376285537 a prime number?
False
Is 2318285891 composite?
False
Is 5813809849 composite?
True
Is 24217520449 a prime number?
True
Is 94390954169 composite?
False
Is 5413194097 a composite number?
True
Is 154561027 a prime number?
False
Is 54801364111 composite?
True
Is 92206285387 a prime number?
True
Is 303981079 a composite number?
True
Is 6754211983 a composite number?
True
Is 664296447 a prime number?
False
Is 598042261 a prime number?
True
Is 32613399271 prime?
True
Is 227881429 prime?
False
Is 3091518359 prime?
False
Is 3261210115 a composite number?
True
Is 9650967757 a composite number?
True
Is 34